{"id":9097,"date":"2025-03-18T09:34:28","date_gmt":"2025-03-18T00:34:28","guid":{"rendered":"https:\/\/www.cog.inc\/enve\/?post_type=product&#038;p=9097"},"modified":"2026-01-08T16:24:32","modified_gmt":"2026-01-08T07:24:32","slug":"in-route-bearing-cover","status":"publish","type":"product","link":"https:\/\/www.cog.inc\/enve\/product\/in-route-bearing-cover","title":{"rendered":"IN-ROUTE BEARING COVER<h6>\u30a4\u30f3\u30eb\u30fc\u30c8 \u30d9\u30a2\u30ea\u30f3\u30b0\u30ab\u30d0\u30fc<\/h6>"},"content":{"rendered":"<h2>ENVE IN-ROUTE\u30b7\u30b9\u30c6\u30e0\u3092\u5404\u7a2e\u30d0\u30a4\u30af\u3078\u306b\u4f7f\u7528\u3092\u53ef\u80fd\u306b\u3059\u308b\u30d8\u30c3\u30c9\u30ab\u30d0\u30fc<\/h2>\n<h3>\u5bfe\u5fdc\u30d5\u30ec\u30fc\u30e0<\/h3>\n<p>\u30fbCerv\u00e9lo R5(2022~), Soloist(2023~),\u00c1spero-5, \u00c1spero(\u5b9f\u6e2c\u91cd\u91cf: 8.4g)<br \/>\u00a0\u3000\u203bCALEDONIA-5\u306f\u5f62\u72b6\u304c\u7570\u306a\u308b\u305f\u3081\u9069\u5408\u3057\u307e\u305b\u3093<\/p>\n<p>\u30fbCOLNAGO V4RS\/C68\/C68 Ti(\u5b9f\u6e2c\u91cd\u91cf: 6g)<br \/>\u3000\u203bC68 ALL-Road\u306b\u306f\u5bfe\u5fdc\u3057\u3066\u3044\u307e\u305b\u3093<br \/>\u30fbCOLNAGO V5RS(\u5b9f\u6e2c\u91cd\u91cf: 15.2g \/ \u30c8\u30c3\u30d7\u30ab\u30d0\u30fc: 10.4g\/\u30c8\u30c3\u30d7\u30ad\u30e3\u30c3\u30d7: 4.6g)<\/p>\n<p>\u30fbSPECIALIZED SL7(\u5b9f\u6e2c\u91cd\u91cf: 11g)<br \/>\u30fbSPECIALIZED SL8(\u5b9f\u6e2c\u91cd\u91cf: 10g)<\/p>\n<p>\u30fbPINARELLO Ticr(\u5b9f\u6e2c\u91cd\u91cf: 12g)<br \/>\u3000\u203b\u4e38\u578bTiCR\u30b7\u30b9\u30c6\u30e0\u306b\u306e\u307f\u5bfe\u5fdc<\/p>\n<p>\u30fbTrek RCS Madone Gen 8, <span data-olk-copy-source=\"MessageBody\">Checkmate SLR,<\/span>Checkpoint SL Gen 3 (\u5b9f\u6e2c\u91cd\u91cf: 4.8g)<\/p>\n\t<div id=\"gap-307404726\" class=\"gap-element clearfix\" style=\"display:block; height:auto;\">\n\t\t\n<style>\n#gap-307404726 {\n  padding-top: 30px;\n}\n<\/style>\n\t<\/div>\n\t\n<div class=\"container section-title-container\" ><h2 class=\"section-title section-title-center\"><b><\/b><span class=\"section-title-main\" style=\"font-size:150%;\">SUPPORT<\/span><b><\/b><\/h2><\/div>\n<a href=\"https:\/\/image.cog.inc\/top\/wp-content\/uploads\/ENVE-Integrated_Road_Stem-Installation_Instructions_RevC-1.pdf?_gl=1*13a1jeq*_gcl_au*MTA5Mjc3NDg0NS4xNzY3ODMxMDUw*_ga*MTc2NDYzNTY4MS4xNzY3ODMxMDUw*_ga_KYT1GW9KT9*czE3Njc4MzMzOTYkbzIkZzEkdDE3Njc4MzkxODkkajYwJGwwJGgw\" class=\"button primary is-outline\"  style=\"border-radius:99px;\">\n\t\t<span>\u30a4\u30f3\u30eb\u30fc\u30c8\u30b9\u30c6\u30e0\u30a4\u30f3\u30b9\u30c8\u30fc\u30eb\u30ac\u30a4\u30c9<\/span>\n\t<i class=\"icon-angle-right\" aria-hidden=\"true\" ><\/i><\/a>\n\n<a href=\"https:\/\/image.cog.inc\/top\/wp-content\/uploads\/ENVE_%E3%83%8F%E3%83%B3%E3%83%89%E3%83%AB%E3%82%A4%E3%83%B3%E3%83%AB%E3%83%BC%E3%83%88.pdf?_gl=1*wi4m3y*_gcl_au*MTA5Mjc3NDg0NS4xNzY3ODMxMDUw*_ga*MTc2NDYzNTY4MS4xNzY3ODMxMDUw*_ga_KYT1GW9KT9*czE3Njc4MzMzOTYkbzIkZzEkdDE3Njc4MzkyNDIkajckbDAkaDA.\" class=\"button primary is-outline\"  style=\"border-radius:99px;\">\n\t\t<span>\u30b1\u30fc\u30d6\u30eb\u30eb\u30fc\u30c8\u30ac\u30a4\u30c9<\/span>\n\t<i class=\"icon-angle-right\" aria-hidden=\"true\" ><\/i><\/a>\n\n","protected":false},"excerpt":{"rendered":"<p>ENVE IN-ROUTE\u30b7\u30b9\u30c6\u30e0\u3092\u5404\u7a2e\u30d0\u30a4\u30af\u3078\u306b\u4f7f\u7528\u3092\u53ef\u80fd\u306b\u3059\u308b\u30d8\u30c3\u30c9\u30ab\u30d0\u30fc \u5bfe\u5fdc\u30d5\u30ec\u30fc\u30e0 \u30fbCerv\u00e9lo R5(2022~), Soloist(2023~),\u00c1spero-5, \u00c1spero(\u5b9f\u6e2c\u91cd\u91cf: 8.4g)&#8230;<\/p>\n","protected":false},"featured_media":9105,"comment_status":"closed","ping_status":"closed","template":"","meta":{"_acf_changed":false,"cybocfi_hide_featured_image":"","_links_to":"","_links_to_target":""},"product_brand":[],"product_cat":[76,77,137,136,92,154,155,94,153],"product_tag":[],"class_list":{"0":"post-9097","1":"product","2":"type-product","3":"status-publish","4":"has-post-thumbnail","6":"product_cat-components","7":"product_cat-road-components","8":"product_cat-bars","9":"product_cat-stems","10":"product_cat-equipment","11":"product_cat-handlebar-parts","12":"product_cat-stem-parts","13":"product_cat-service-parts","14":"product_cat-components-service-parts","16":"first","17":"instock","18":"taxable","19":"shipping-taxable","20":"product-type-variable","21":"has-default-attributes","22":"rtwpvg-product"},"acf":[],"yoast_head":"<!-- This site is optimized with the Yoast SEO plugin v26.5 - https:\/\/yoast.com\/wordpress\/plugins\/seo\/ -->\n<title>IN-ROUTE BEARING COVER\u30a4\u30f3\u30eb\u30fc\u30c8 \u30d9\u30a2\u30ea\u30f3\u30b0\u30ab\u30d0\u30fc | ENVE \u30a8\u30f3\u30f4\u30a3 \u65e5\u672c\u516c\u5f0f\u30b5\u30a4\u30c8 | \u30c0\u30a4\u30a2\u30c6\u30c3\u30af<\/title>\n<meta name=\"robots\" content=\"index, follow, max-snippet:-1, max-image-preview:large, max-video-preview:-1\" \/>\n<link rel=\"canonical\" href=\"https:\/\/www.cog.inc\/enve\/product\/in-route-bearing-cover\" \/>\n<meta property=\"og:locale\" content=\"ja_JP\" \/>\n<meta property=\"og:type\" content=\"article\" \/>\n<meta property=\"og:title\" content=\"IN-ROUTE BEARING COVER\u30a4\u30f3\u30eb\u30fc\u30c8 \u30d9\u30a2\u30ea\u30f3\u30b0\u30ab\u30d0\u30fc | ENVE \u30a8\u30f3\u30f4\u30a3 \u65e5\u672c\u516c\u5f0f\u30b5\u30a4\u30c8 | \u30c0\u30a4\u30a2\u30c6\u30c3\u30af\" \/>\n<meta property=\"og:description\" content=\"ENVE IN-ROUTE\u30b7\u30b9\u30c6\u30e0\u3092\u5404\u7a2e\u30d0\u30a4\u30af\u3078\u306b\u4f7f\u7528\u3092\u53ef\u80fd\u306b\u3059\u308b\u30d8\u30c3\u30c9\u30ab\u30d0\u30fc \u5bfe\u5fdc\u30d5\u30ec\u30fc\u30e0 \u30fbCerv\u00e9lo R5(2022~), Soloist(2023~),\u00c1spero-5, \u00c1spero(\u5b9f\u6e2c\u91cd\u91cf: 8.4g)...\" \/>\n<meta property=\"og:url\" content=\"https:\/\/www.cog.inc\/enve\/product\/in-route-bearing-cover\" \/>\n<meta property=\"og:site_name\" content=\"ENVE \u30a8\u30f3\u30f4\u30a3 \u65e5\u672c\u516c\u5f0f\u30b5\u30a4\u30c8 | \u30c0\u30a4\u30a2\u30c6\u30c3\u30af\" \/>\n<meta property=\"article:modified_time\" content=\"2026-01-08T07:24:32+00:00\" \/>\n<meta property=\"og:image\" content=\"https:\/\/image.cog.inc\/enve\/wp-content\/uploads\/2025\/03\/ENVE-Specialized-Headset-Cover-Jun2024-2.jpg\" \/>\n\t<meta property=\"og:image:width\" content=\"900\" \/>\n\t<meta property=\"og:image:height\" content=\"600\" \/>\n\t<meta property=\"og:image:type\" content=\"image\/jpeg\" \/>\n<meta name=\"twitter:card\" content=\"summary_large_image\" \/>\n<meta name=\"twitter:label1\" content=\"\u63a8\u5b9a\u8aad\u307f\u53d6\u308a\u6642\u9593\" \/>\n\t<meta name=\"twitter:data1\" content=\"1\u5206\" \/>\n<script type=\"application\/ld+json\" class=\"yoast-schema-graph\">{\"@context\":\"https:\/\/schema.org\",\"@graph\":[{\"@type\":\"WebPage\",\"@id\":\"https:\/\/www.cog.inc\/enve\/product\/in-route-bearing-cover\",\"url\":\"https:\/\/www.cog.inc\/enve\/product\/in-route-bearing-cover\",\"name\":\"IN-ROUTE BEARING COVER\u30a4\u30f3\u30eb\u30fc\u30c8 \u30d9\u30a2\u30ea\u30f3\u30b0\u30ab\u30d0\u30fc | ENVE \u30a8\u30f3\u30f4\u30a3 \u65e5\u672c\u516c\u5f0f\u30b5\u30a4\u30c8 | \u30c0\u30a4\u30a2\u30c6\u30c3\u30af\",\"isPartOf\":{\"@id\":\"https:\/\/www.cog.inc\/enve\/#website\"},\"primaryImageOfPage\":{\"@id\":\"https:\/\/www.cog.inc\/enve\/product\/in-route-bearing-cover#primaryimage\"},\"image\":{\"@id\":\"https:\/\/www.cog.inc\/enve\/product\/in-route-bearing-cover#primaryimage\"},\"thumbnailUrl\":\"https:\/\/image.cog.inc\/enve\/wp-content\/uploads\/2025\/03\/ENVE-Specialized-Headset-Cover-Jun2024-2.jpg\",\"datePublished\":\"2025-03-18T00:34:28+00:00\",\"dateModified\":\"2026-01-08T07:24:32+00:00\",\"breadcrumb\":{\"@id\":\"https:\/\/www.cog.inc\/enve\/product\/in-route-bearing-cover#breadcrumb\"},\"inLanguage\":\"ja\",\"potentialAction\":[{\"@type\":\"ReadAction\",\"target\":[\"https:\/\/www.cog.inc\/enve\/product\/in-route-bearing-cover\"]}]},{\"@type\":\"ImageObject\",\"inLanguage\":\"ja\",\"@id\":\"https:\/\/www.cog.inc\/enve\/product\/in-route-bearing-cover#primaryimage\",\"url\":\"https:\/\/image.cog.inc\/enve\/wp-content\/uploads\/2025\/03\/ENVE-Specialized-Headset-Cover-Jun2024-2.jpg\",\"contentUrl\":\"https:\/\/image.cog.inc\/enve\/wp-content\/uploads\/2025\/03\/ENVE-Specialized-Headset-Cover-Jun2024-2.jpg\",\"width\":900,\"height\":600},{\"@type\":\"BreadcrumbList\",\"@id\":\"https:\/\/www.cog.inc\/enve\/product\/in-route-bearing-cover#breadcrumb\",\"itemListElement\":[{\"@type\":\"ListItem\",\"position\":1,\"name\":\"HOME\",\"item\":\"https:\/\/www.cog.inc\/enve\/\"},{\"@type\":\"ListItem\",\"position\":2,\"name\":\"Shop\",\"item\":\"https:\/\/www.cog.inc\/enve\/shop-2\"},{\"@type\":\"ListItem\",\"position\":3,\"name\":\"EQUIPMENT\",\"item\":\"https:\/\/www.cog.inc\/enve\/product-category\/equipment\"},{\"@type\":\"ListItem\",\"position\":4,\"name\":\"SERVICE PARTS\",\"item\":\"https:\/\/www.cog.inc\/enve\/product-category\/equipment\/service-parts\"},{\"@type\":\"ListItem\",\"position\":5,\"name\":\"COMPONENTS\",\"item\":\"https:\/\/www.cog.inc\/enve\/product-category\/equipment\/service-parts\/components-service-parts\"},{\"@type\":\"ListItem\",\"position\":6,\"name\":\"HANDLEBAR PARTS\",\"item\":\"https:\/\/www.cog.inc\/enve\/product-category\/equipment\/service-parts\/components-service-parts\/handlebar-parts\"},{\"@type\":\"ListItem\",\"position\":7,\"name\":\"IN-ROUTE BEARING COVER\u30a4\u30f3\u30eb\u30fc\u30c8 \u30d9\u30a2\u30ea\u30f3\u30b0\u30ab\u30d0\u30fc\"}]},{\"@type\":\"WebSite\",\"@id\":\"https:\/\/www.cog.inc\/enve\/#website\",\"url\":\"https:\/\/www.cog.inc\/enve\/\",\"name\":\"ENVE \u30a8\u30f3\u30f4\u30a3 \u65e5\u672c\u516c\u5f0f\u30b5\u30a4\u30c8 | \u30c0\u30a4\u30a2\u30c6\u30c3\u30af\",\"description\":\"\u4e16\u754c\u6700\u9ad8\u5cf0\u306e\u30d0\u30a4\u30b7\u30af\u30eb\u30ab\u30fc\u30dc\u30f3\u30db\u30a4\u30fc\u30eb\u30fb\u30b3\u30f3\u30dd\u30fc\u30cd\u30f3\u30c8\u3092\u751f\u307f\u51fa\u3059\u30e1\u30a4\u30c9\u30a4\u30f3USA\u3092\u8cab\u304f\u30ab\u30fc\u30dc\u30f3\u88fd\u54c1\u30d6\u30e9\u30f3\u30c9\u3002\",\"publisher\":{\"@id\":\"https:\/\/www.cog.inc\/enve\/#organization\"},\"potentialAction\":[{\"@type\":\"SearchAction\",\"target\":{\"@type\":\"EntryPoint\",\"urlTemplate\":\"https:\/\/www.cog.inc\/enve\/?s={search_term_string}\"},\"query-input\":{\"@type\":\"PropertyValueSpecification\",\"valueRequired\":true,\"valueName\":\"search_term_string\"}}],\"inLanguage\":\"ja\"},{\"@type\":\"Organization\",\"@id\":\"https:\/\/www.cog.inc\/enve\/#organization\",\"name\":\"ENVE\",\"url\":\"https:\/\/www.cog.inc\/enve\/\",\"logo\":{\"@type\":\"ImageObject\",\"inLanguage\":\"ja\",\"@id\":\"https:\/\/www.cog.inc\/enve\/#\/schema\/logo\/image\/\",\"url\":\"https:\/\/www.cog.inc\/enve\/wp-content\/uploads\/2021\/12\/enve-logo.png\",\"contentUrl\":\"https:\/\/www.cog.inc\/enve\/wp-content\/uploads\/2021\/12\/enve-logo.png\",\"width\":512,\"height\":512,\"caption\":\"ENVE\"},\"image\":{\"@id\":\"https:\/\/www.cog.inc\/enve\/#\/schema\/logo\/image\/\"}}]}<\/script>\n<!-- \/ Yoast SEO plugin. -->","yoast_head_json":{"title":"IN-ROUTE BEARING COVER\u30a4\u30f3\u30eb\u30fc\u30c8 \u30d9\u30a2\u30ea\u30f3\u30b0\u30ab\u30d0\u30fc | ENVE \u30a8\u30f3\u30f4\u30a3 \u65e5\u672c\u516c\u5f0f\u30b5\u30a4\u30c8 | \u30c0\u30a4\u30a2\u30c6\u30c3\u30af","robots":{"index":"index","follow":"follow","max-snippet":"max-snippet:-1","max-image-preview":"max-image-preview:large","max-video-preview":"max-video-preview:-1"},"canonical":"https:\/\/www.cog.inc\/enve\/product\/in-route-bearing-cover","og_locale":"ja_JP","og_type":"article","og_title":"IN-ROUTE BEARING COVER\u30a4\u30f3\u30eb\u30fc\u30c8 \u30d9\u30a2\u30ea\u30f3\u30b0\u30ab\u30d0\u30fc | ENVE \u30a8\u30f3\u30f4\u30a3 \u65e5\u672c\u516c\u5f0f\u30b5\u30a4\u30c8 | \u30c0\u30a4\u30a2\u30c6\u30c3\u30af","og_description":"ENVE IN-ROUTE\u30b7\u30b9\u30c6\u30e0\u3092\u5404\u7a2e\u30d0\u30a4\u30af\u3078\u306b\u4f7f\u7528\u3092\u53ef\u80fd\u306b\u3059\u308b\u30d8\u30c3\u30c9\u30ab\u30d0\u30fc \u5bfe\u5fdc\u30d5\u30ec\u30fc\u30e0 \u30fbCerv\u00e9lo R5(2022~), Soloist(2023~),\u00c1spero-5, \u00c1spero(\u5b9f\u6e2c\u91cd\u91cf: 8.4g)...","og_url":"https:\/\/www.cog.inc\/enve\/product\/in-route-bearing-cover","og_site_name":"ENVE \u30a8\u30f3\u30f4\u30a3 \u65e5\u672c\u516c\u5f0f\u30b5\u30a4\u30c8 | \u30c0\u30a4\u30a2\u30c6\u30c3\u30af","article_modified_time":"2026-01-08T07:24:32+00:00","og_image":[{"width":900,"height":600,"url":"https:\/\/image.cog.inc\/enve\/wp-content\/uploads\/2025\/03\/ENVE-Specialized-Headset-Cover-Jun2024-2.jpg","type":"image\/jpeg"}],"twitter_card":"summary_large_image","twitter_misc":{"\u63a8\u5b9a\u8aad\u307f\u53d6\u308a\u6642\u9593":"1\u5206"},"schema":{"@context":"https:\/\/schema.org","@graph":[{"@type":"WebPage","@id":"https:\/\/www.cog.inc\/enve\/product\/in-route-bearing-cover","url":"https:\/\/www.cog.inc\/enve\/product\/in-route-bearing-cover","name":"IN-ROUTE BEARING COVER\u30a4\u30f3\u30eb\u30fc\u30c8 \u30d9\u30a2\u30ea\u30f3\u30b0\u30ab\u30d0\u30fc | ENVE \u30a8\u30f3\u30f4\u30a3 \u65e5\u672c\u516c\u5f0f\u30b5\u30a4\u30c8 | \u30c0\u30a4\u30a2\u30c6\u30c3\u30af","isPartOf":{"@id":"https:\/\/www.cog.inc\/enve\/#website"},"primaryImageOfPage":{"@id":"https:\/\/www.cog.inc\/enve\/product\/in-route-bearing-cover#primaryimage"},"image":{"@id":"https:\/\/www.cog.inc\/enve\/product\/in-route-bearing-cover#primaryimage"},"thumbnailUrl":"https:\/\/image.cog.inc\/enve\/wp-content\/uploads\/2025\/03\/ENVE-Specialized-Headset-Cover-Jun2024-2.jpg","datePublished":"2025-03-18T00:34:28+00:00","dateModified":"2026-01-08T07:24:32+00:00","breadcrumb":{"@id":"https:\/\/www.cog.inc\/enve\/product\/in-route-bearing-cover#breadcrumb"},"inLanguage":"ja","potentialAction":[{"@type":"ReadAction","target":["https:\/\/www.cog.inc\/enve\/product\/in-route-bearing-cover"]}]},{"@type":"ImageObject","inLanguage":"ja","@id":"https:\/\/www.cog.inc\/enve\/product\/in-route-bearing-cover#primaryimage","url":"https:\/\/image.cog.inc\/enve\/wp-content\/uploads\/2025\/03\/ENVE-Specialized-Headset-Cover-Jun2024-2.jpg","contentUrl":"https:\/\/image.cog.inc\/enve\/wp-content\/uploads\/2025\/03\/ENVE-Specialized-Headset-Cover-Jun2024-2.jpg","width":900,"height":600},{"@type":"BreadcrumbList","@id":"https:\/\/www.cog.inc\/enve\/product\/in-route-bearing-cover#breadcrumb","itemListElement":[{"@type":"ListItem","position":1,"name":"HOME","item":"https:\/\/www.cog.inc\/enve\/"},{"@type":"ListItem","position":2,"name":"Shop","item":"https:\/\/www.cog.inc\/enve\/shop-2"},{"@type":"ListItem","position":3,"name":"EQUIPMENT","item":"https:\/\/www.cog.inc\/enve\/product-category\/equipment"},{"@type":"ListItem","position":4,"name":"SERVICE PARTS","item":"https:\/\/www.cog.inc\/enve\/product-category\/equipment\/service-parts"},{"@type":"ListItem","position":5,"name":"COMPONENTS","item":"https:\/\/www.cog.inc\/enve\/product-category\/equipment\/service-parts\/components-service-parts"},{"@type":"ListItem","position":6,"name":"HANDLEBAR PARTS","item":"https:\/\/www.cog.inc\/enve\/product-category\/equipment\/service-parts\/components-service-parts\/handlebar-parts"},{"@type":"ListItem","position":7,"name":"IN-ROUTE BEARING COVER\u30a4\u30f3\u30eb\u30fc\u30c8 \u30d9\u30a2\u30ea\u30f3\u30b0\u30ab\u30d0\u30fc"}]},{"@type":"WebSite","@id":"https:\/\/www.cog.inc\/enve\/#website","url":"https:\/\/www.cog.inc\/enve\/","name":"ENVE \u30a8\u30f3\u30f4\u30a3 \u65e5\u672c\u516c\u5f0f\u30b5\u30a4\u30c8 | \u30c0\u30a4\u30a2\u30c6\u30c3\u30af","description":"\u4e16\u754c\u6700\u9ad8\u5cf0\u306e\u30d0\u30a4\u30b7\u30af\u30eb\u30ab\u30fc\u30dc\u30f3\u30db\u30a4\u30fc\u30eb\u30fb\u30b3\u30f3\u30dd\u30fc\u30cd\u30f3\u30c8\u3092\u751f\u307f\u51fa\u3059\u30e1\u30a4\u30c9\u30a4\u30f3USA\u3092\u8cab\u304f\u30ab\u30fc\u30dc\u30f3\u88fd\u54c1\u30d6\u30e9\u30f3\u30c9\u3002","publisher":{"@id":"https:\/\/www.cog.inc\/enve\/#organization"},"potentialAction":[{"@type":"SearchAction","target":{"@type":"EntryPoint","urlTemplate":"https:\/\/www.cog.inc\/enve\/?s={search_term_string}"},"query-input":{"@type":"PropertyValueSpecification","valueRequired":true,"valueName":"search_term_string"}}],"inLanguage":"ja"},{"@type":"Organization","@id":"https:\/\/www.cog.inc\/enve\/#organization","name":"ENVE","url":"https:\/\/www.cog.inc\/enve\/","logo":{"@type":"ImageObject","inLanguage":"ja","@id":"https:\/\/www.cog.inc\/enve\/#\/schema\/logo\/image\/","url":"https:\/\/www.cog.inc\/enve\/wp-content\/uploads\/2021\/12\/enve-logo.png","contentUrl":"https:\/\/www.cog.inc\/enve\/wp-content\/uploads\/2021\/12\/enve-logo.png","width":512,"height":512,"caption":"ENVE"},"image":{"@id":"https:\/\/www.cog.inc\/enve\/#\/schema\/logo\/image\/"}}]}},"_links":{"self":[{"href":"https:\/\/www.cog.inc\/enve\/wp-json\/wp\/v2\/product\/9097","targetHints":{"allow":["GET"]}}],"collection":[{"href":"https:\/\/www.cog.inc\/enve\/wp-json\/wp\/v2\/product"}],"about":[{"href":"https:\/\/www.cog.inc\/enve\/wp-json\/wp\/v2\/types\/product"}],"replies":[{"embeddable":true,"href":"https:\/\/www.cog.inc\/enve\/wp-json\/wp\/v2\/comments?post=9097"}],"wp:featuredmedia":[{"embeddable":true,"href":"https:\/\/www.cog.inc\/enve\/wp-json\/wp\/v2\/media\/9105"}],"wp:attachment":[{"href":"https:\/\/www.cog.inc\/enve\/wp-json\/wp\/v2\/media?parent=9097"}],"wp:term":[{"taxonomy":"product_brand","embeddable":true,"href":"https:\/\/www.cog.inc\/enve\/wp-json\/wp\/v2\/product_brand?post=9097"},{"taxonomy":"product_cat","embeddable":true,"href":"https:\/\/www.cog.inc\/enve\/wp-json\/wp\/v2\/product_cat?post=9097"},{"taxonomy":"product_tag","embeddable":true,"href":"https:\/\/www.cog.inc\/enve\/wp-json\/wp\/v2\/product_tag?post=9097"}],"curies":[{"name":"wp","href":"https:\/\/api.w.org\/{rel}","templated":true}]}}